est common factor of 2763414 and 198?
18
What is the highest common factor of 6372 and 692896?
236
Calculate the greatest common divisor of 725 and 1740823600.
725
Calculate the greatest common divisor of 99956133 and 27.
27
What is the highest common divisor of 3188507 and 84?
7
What is the greatest common factor of 1670670 and 8430?
30
Calculate the highest common divisor of 156 and 28429154.
26
What is the highest common factor of 12999705 and 5415?
285
Calculate the greatest common divisor of 19673790 and 172.
86
Calculate the highest common divisor of 460526616 and 3168.
792
What is the highest common factor of 195852 and 463980?
228
Calculate the highest common divisor of 1981482 and 1362.
6
What is the greatest common factor of 23584631 and 1957?
103
What is the highest common factor of 2836492 and 40?
4
Calculate the highest common divisor of 2011 and 136227151.
2011
Calculate the greatest common factor of 168 and 7253712.
24
Calculate the highest common divisor of 101904 and 183216.
528
Calculate the highest common divisor of 723734 and 41272.
1474
Calculate the greatest common divisor of 267648 and 105288.
984
What is the highest common divisor of 3850 and 3783450?
550
Calculate the highest common factor of 4528320 and 2314.
178
Calculate the greatest common divisor of 77968 and 2822796.
1772
What is the greatest common factor of 18994926 and 947?
947
What is the greatest common factor of 1458 and 2074482?
18
Calculate the greatest common factor of 93 and 687611.
31
Calculate the highest common factor of 513 and 13567235.
19
What is the greatest common factor of 73240694 and 17181?
1909
What is the greatest common factor of 3195198 and 2934?
18
Calculate the highest common divisor of 11988909 and 1302031.
3007
Calculate the greatest common divisor of 3366748 and 285362.
2618
What is the highest common divisor of 38881842 and 24?
6
What is the greatest common factor of 40444628 and 1022?
1022
Calculate the greatest common divisor of 888 and 42704364.
444
What is the highest common factor of 49 and 50121806?
49
What is the greatest common divisor of 636 and 119886?
318
What is the highest common factor of 6886408 and 232?
8
Calculate the greatest common factor of 2208 and 139863.
69
What is the greatest common factor of 19836921 and 154479?
9087
Calculate the greatest common divisor of 685605805 and 5.
5
Calculate the highest common factor of 14241 and 26967.
303
What is the greatest common factor of 2500445 and 103615?
1955
What is the highest common divisor of 722 and 352840678?
722
What is the greatest common divisor of 76841 and 8?
1
What is the greatest common divisor of 143765664 and 47201?
4291
Calculate the greatest common divisor of 627217314 and 46.
46
Calculate the greatest common divisor of 1655 and 146905.
5
Calculate the highest common divisor of 68989 and 14554.
19
Calculate the highest common factor of 15767009 and 6565.
101
Calculate the greatest common divisor of 37210 and 4880.
610
What is the greatest common factor of 91295 and 11423407?
961
What is the greatest common divisor of 8652 and 10086069?
2163
Calculate the greatest common divisor of 104 and 360092746.
26
Calculate the highest common divisor of 6283195 and 138650.
235
What is the greatest common factor of 23823 and 140922?
9
Calculate the greatest common factor of 320 and 2048680.
40
What is the highest common factor of 35 and 2580445?
35
What is the greatest common factor of 6045 and 35685960?
465
What is the highest common factor of 87230 and 8866?
286
Calculate the highest common factor of 3061584 and 171.
171
What is the greatest common divisor of 134733211 and 119?
17
What is the greatest common factor of 15867 and 140094?
387
What is the greatest common divisor of 17754698 and 14?
2
Calculate the highest common factor of 916747472 and 13008.
4336
What is the highest common divisor of 64664 and 1007224?
1096
Calculate the highest common factor of 55212 and 962340.
516
What is the greatest common factor of 1369140 and 220?
20
What is the greatest common divisor of 8783880 and 1176?
168
What is the greatest common factor of 14708050 and 400?
50
What is the highest common factor of 1044 and 6024141?
261
Calculate the highest common divisor of 47162250 and 14535.
765
What is the highest common factor of 2529360 and 1260?
180
What is the highest common factor of 150 and 365007?
3
Calculate the greatest common factor of 21760 and 13315420.
340
Calculate the highest common factor of 51 and 967589.
17
Calculate the greatest common factor of 201 and 274725393.
201
What is the highest common divisor of 100012 and 24332?
44
What is the highest common factor of 8664 and 16567?
1
What is the highest common factor of 961 and 12049018?
961
What is the greatest common divisor of 435163 and 5549291?
3851
What is the highest common factor of 34997 and 163372?
79
What is the highest common factor of 39110618 and 1102?
58
Calculate the highest common factor of 7808 and 4010323.
61
Calculate the greatest common factor of 41578 and 10.
2
What is the greatest common factor of 1191089628 and 6?
6
Calculate the greatest common factor of 4060833 and 105.
21
Calculate the highest common divisor of 188 and 2909253.
47
What is the highest common factor of 20528 and 1104?
16
What is the greatest common divisor of 528 and 98227668?
132
Calculate the highest common divisor of 720792 and 44872.
568
What is the greatest common factor of 366784 and 549655?
521
Calculate the greatest common factor of 1283629 and 173793.
3049
Calculate the highest common factor of 4396 and 361083044.
4396
Calculate the greatest common factor of 183500 and 8712213.
367
What is the highest common divisor of 3477154 and 4985478?
6674
What is the highest common divisor of 75583501 and 399?
133
What is the highest common divisor of 21337 and 24493753?
1123
What is the greatest common divisor of 2562470 and 149490?
1510
Calculate the greatest common factor of 476 and 16466149.
119
Calculate the greatest common factor of 12565 and 473521.
359
What is the highest common factor of 10198508 and 437908?
5276
What is the highest common divisor of 714 and 22418767?
119
Calculate the greatest common factor of 413182 and 55.
11
Calculate the greatest common divisor of 140936 and 36656.
632
Calculate the greatest common divisor of 20 and 4485165.
5
What is the greatest common factor of 484 and 15960989?
121
Calculate the greatest common divisor of 6515950 and 138600.
350
What is the highest common divisor of 3803602 and 2530?
506
Calculate the highest common divisor of 1068895 and 427245.
1565
What is the highest common factor of 83098384 and 48?
16
Calculate the highest common divisor of 32378319 and 46.
23
Calculate the highest common divisor of 333 and 12270051.
333
What is the greatest common divisor of 1095 and 31141070?
365
Calculate the greatest common factor of 3755180 and 113120.
2020
Calculate the highest common divisor of 35000 and 15650.
50
What is the greatest common divisor of 19788 and 1265850?
582
Calculate the greatest common divisor of 332 and 47866598.
166
What is the greatest common factor of 5892424 and 8?
8
What is the highest common divisor of 22505875 and 857871?
10591
What is the highest common divisor of 4 and 494518148?
4
Calculate the highest common divisor of 3888404 and 24440.
2444
Calculate the greatest common divisor of 936408 and 16.
8
Calculate the greatest common divisor of 8807697 and 1843.
1843
What is the highest common factor of 18 and 27534216?
6
Calculate the highest common divisor of 381 and 4353976941.
381
Calculate the greatest common factor of 612690 and 30420.
390
What is the greatest common divisor of 233226 and 216636?
42
Calculate the greatest common factor of 685930 and 34030.
410
Calculate the highest common divisor of 10474574 and 33.
11
What is the highest common factor of 7 and 152459?
1
Calculate the greatest common divisor of 830296 and 136.
8
What is the greatest common factor of 910 and 1939483?
91
What is the highest common divisor of 147641 and 13325?
533
Calculate the highest common factor of 1930129 and 17.
17
What is the greatest common divisor of 60994580 and 60?
20
What is the greatest common factor of 12493 and 18402?
1
Calculate the highest common f